 of v**3/3 - v**2/2 - 6*v - 121. Calculate l(b).
-6
Let b(d) = 6*d - 11. Let r(w) = -3*w + 5. Let n(v) = 6*b(v) + 13*r(v). What is n(-5)?
14
Suppose 4*m - 11 - 17 = 0. Let a(z) = z - 8. What is a(m)?
-1
Let f(q) be the third derivative of -6*q**2 + 0*q**5 + 1/12*q**4 - 1/30*q**6 + 1/6*q**3 + 0 + 0*q. Determine f(-1).
3
Let p = -60 + 64. Let j(c) = 2*c - 2. Give j(p).
6
Let f(w) = w**2 + 5*w - 4. Let b(o) = 2*o**2 + 10*o - 9. Let y(g) = 4*b(g) - 7*f(g). What is y(-7)?
6
Let h(c) be the second derivative of -c**6/120 + 7*c**5/60 - 3*c**4/8 + c**3/2 + 3*c**2 + 3*c. Let a(m) be the first derivative of h(m). What is a(6)?
-15
Let n(f) = -2*f**2 + 4. Let h(u) = -u**2 - 1. Let r(i) = -3*h(i) - n(i). Determine r(1).
4
Let l(z) = 4*z - 3 - 3*z - 2*z**2 - 5*z. Determine l(-3).
-9
Let t(q) = 20 - 35 - q**3 + 19 + q**2 + q. What is t(0)?
4
Suppose 0 = 5*o + 4 - 54. Suppose -3*u - o - 5 = 0. Let c(z) = z**2 + 5*z. What is c(u)?
0
Let b = -12 - -24. Let t be b/3*1/2. Let s(q) = 2*q**3 - 3*q**2 + 2*q - 1. Calculate s(t).
7
Let w(b) = b**3 - 2*b**2 - b + 7. Suppose 0 = -5*c + 9 + 6. Let s(y) = y**3 - y**2 - y + 8. Let i(v) = c*s(v) - 4*w(v). Determine i(5).
1
Suppose -b - 19 = -5*t, 4*b = 3*t - t - 4. Let x(f) = -5*f**3 - 4*f**3 - 4 - f**2 + 5. Calculate x(b).
-9
Let x = 4 + -1. Let k = -6 + x. Let b(u) = u + 1. Let i(r) = 1. Let f(j) = -b(j) + 3*i(j). What is f(k)?
5
Suppose -18 = s + s + 2*h, -5*h - 21 = -s. Let g(q) be the second derivative of q**2 - q - 2/3*q**3 + 0 + 1/20*q**5 + 1/4*q**4. Determine g(s).
2
Let s(f) = 2*f - 3. Let m be s(3). Suppose -q = m*q - t + 8, t = -4. Let d(p) be the third derivative of p**4/8 + p**3/3 - p**2. Determine d(q).
-7
Let h(q) be the first derivative of -q**3/6 + 2*q**2 + 3*q - 2. Let s(w) be the first derivative of h(w). Give s(7).
-3
Suppose 3*v = -m + 12, -4*v = -3*m + 2*m - 9. Let f(y) = -3*y**2 - 228*y + y**3 - 1 + 229*y - 2. Determine f(m).
0
Let k(y) = 14*y**3 + 11*y**2 + 22. Let z(b) = -7*b**3 - 6*b**2 - 12. Let v(q) = 6*k(q) + 11*z(q). Suppose -3*p = 2 - 5. Give v(p).
7
Let b be ((-25)/(-10))/(6/8 + -1). Let o = -2 + 4. Let i be b/o*2/5. Let l(p) = -2*p**2 - 4*p - 3. Give l(i).
-3
Let k = 5 + -2. Suppose 3*h - 27 = h - 5*i, -k*i + 15 = 0. Let p(r) = -r + 1. What is p(h)?
0
Suppose 3*u - 47 = u - 3*g, -5*u = 5*g - 120. Let r be (-93)/15 - (-5)/u. Let w(y) = y + 6. Give w(r).
0
Let l(k) = -2*k**2 + 4*k + 1. Suppose 4*j = 4*s + 2 - 50, 0 = -4*j - 2*s - 18. Let h(y) = y**2 - 2*y - 1. Let x(c) = j*h(c) - 3*l(c). Determine x(5).
-11
Let h be (-2)/(0 + 2) + 0. Let a(q) be the first derivative of -5*q**2 - 3 + 0 + 4. Give a(h).
10
Let y(l) = l**3 + 5*l**2 - l - 3. Let u = 4 + -4. Suppose 0*q - q - 5 = u. Determine y(q).
2
Let k(r) = -3*r + 4*r + 0 - 5 + r. Let j be k(5). Let p be j*(2 + 13/(-5)). Let o(g) = -3*g - 2. What is o(p)?
7
Let p(s) = 2*s. Suppose 3*m = -2*o - 10, -4*m - o = 7 + 3. Let g be 0 + m - (1 + -7). Suppose -2*y + g*y = -6. What is p(y)?
-6
Suppose 12*g - 17 = 7. Let w(n) = n**3 - 2*n**2 + n - 2. What is w(g)?
0
Let i(d) = d - 11. Let t(z) = -z + 12. Let v(j) = -7*i(j) - 6*t(j). Give v(5).
0
Let g(m) = m**2 - 2*m. Let f be g(4). Let z be (2/(-6))/((-2)/18). Suppose -s = z*s - f. Let x(a) = -a**3 + 2*a**2 + a - 2. Give x(s).
0
Let g(w) = 4*w**3 + 3*w**2 + w - 2. Let t(k) = -k**3 - k**2 + 1. Let y(a) = -g(a) - 2*t(a). Determine y(-1).
2
Let q(a) = a - 2. Let x(i) be the first derivative of -i**3/3 + 2*i**2 - 1. Let u be x(3). Suppose -3*l + u*z + 2 - 11 = 0, -z = -5*l - 11. Determine q(l).
-4
Let q(u) = 2*u + 6*u - u**3 + 2*u - 3*u - 7 - 6*u**2. Determine q(-7).
-7
Let t = -17 - -37. Suppose -6*o + t = -10*o. Let v(a) = -a**2 - 6*a + 2. Determine v(o).
7
Let r = 185/2 + -92. Let w(j) be the second derivative of 4*j + 0 - r*j**3 - 3/2*j**2. Give w(-3).
6
Let b = 0 + -2. Let o(x) = -x - 6*x**2 + 2 - 4 + 7*x**2. Give o(b).
4
Let r(x) = -x**2 - x + 2. Suppose -3*f = -4*f. Let d(t) = t**3 + 2. Let o be d(f). Let w(a) = a**2 + a - 1. Let g(q) = o*w(q) + 3*r(q). Determine g(0).
4
Let v(g) = g - 6. Let o(q) = -3*q + 17. Let b(c) = -2*o(c) - 7*v(c). Give b(6).
2
Let n(g) = -g**2 + g - 1. Let d be (-4)/26 - 48/26. Let w = -2 - d. Determine n(w).
-1
Suppose -3*j - 3 = -0. Let p(y) be the second derivative of y**3 + y**2/2 - y. Calculate p(j).
-5
Let c be ((-1)/10)/(64/(-8) + 6). Let f(h) be the third derivative of 0 + 3*h**2 - 1/24*h**4 - c*h**5 + 0*h + 1/6*h**3. Calculate f(2).
-13
Let b(o) = -3*o**3 - 6*o - 1. Let j(t) = 4*t**3 - t**2 + 7*t + 2. Let q(u) = -5*b(u) - 4*j(u). Let y = 3 + -2. Suppose -3 = -m + y. Calculate q(m).
5
Let h(f) = 16*f**3 - 35*f**2 + 19*f + 30. Let n(l) = 3*l**3 - 7*l**2 + 4*l + 6. Let x(q) = -2*h(q) + 11*n(q). Give x(6).
6
Let l be (3/6)/((-1)/(-30)). Suppose 5*h + m = -l, 0*m = -5*h + 2*m. Let o(s) = -4*s - 1. Let g(w) = -w. Let c(k) = -5*g(k) + o(k). Give c(h).
-3
Let q be 3/(-2) - 4/8. Let m(a) = -2*a + 2 + 1 - 2. What is m(q)?
5
Let p(a) = -2*a. Suppose -4 = -0*c + 4*c. What is p(c)?
2
Let x(w) = -w**3 - w - 1. Let o(l) = -5*l**3 + 6*l**2 - 4*l - 9. Let k(f) = o(f) - 4*x(f). Suppose i + 0*i = 2. Suppose 4*n = 22 + i. Calculate k(n).
-5
Let w(z) be the first derivative of 5*z**4/4 - z**2 - z + 9. Determine w(-1).
-4
Let i(b) = 9 + b - 4*b + 2*b. Let g(y) = -10*y**2 + 45*y - 64. Let j(x) = -3*x**2 + 15*x - 21. Let o(s) = 2*g(s) - 7*j(s). Let u be o(14). Determine i(u).
4
Let s(g) = -g**2 - 1. Let q(n) = n**2 + 5. Let i = -2 + 7. Let d(v) = i*s(v) + q(v). Determine d(-1).
-4
Suppose -2*r - r = 0. Let d(y) be the third derivative of y**4/24 - 5*y**3/6 - 7*y**2. Determine d(r).
-5
Let r(s) be the second derivative of -s**4/12 + 5*s**3/6 + 3*s**2 - 5*s. Calculate r(6).
0
Let n(g) = -g - 1. Let h(k) = 8*k + 9. Let b(m) = -h(m) - 6*n(m). Give b(-6).
9
Let c(h) = -13*h**2 - h**3 + 0*h**3 + 22*h**2 + 3 - 12*h**2 + 8*h. Give c(-5).
13
Let q = 2 - 4. Let c = q - -2. Let y(j) = 5*j**2 - j - 10. Let h(x) = -x**2. Let r(m) = -6*h(m) - y(m). What is r(c)?
10
Suppose -2 = t + 1. Let g be (t + 0)/(0 - -1). Let z(h) = h**2 - 4*h + 0*h - 3*h**3 - 3 + 4*h**3. Determine z(g).
-9
Let h(k) = k**3 + 5*k**2. Let d be h(-5). Let o(b) be the first derivative of b**4/4 - b**3/3 + b + 128. Give o(d).
1
Let y(r) = -r**3 + 5*r**2 - 4*r + 3. Let f = -18 + 21. Give y(f).
9
Let i = -8 + 6. Let v(j) = j + 2. Give v(i).
0
Let u(z) = z**2 + 5*z + 2. Let m be 0 - ((-2)/(-2) - -3). Calculate u(m).
-2
Suppose -1 = 4*j + 19. Let h(r) = -r. Let w be h(j). Let q(z) = 3 - z - w - 4*z. What is q(-2)?
8
Let j(n) = 9*n**3. Let u(z) = z - 4. Let b be u(3). Give j(b).
-9
Let p be (108/6)/(6/8). Suppose 6 = h + q, -5*h + 0*q + p = 2*q. Suppose -3*d + 5*d + 2*t + 22 = 0, -4*d + h*t = 4. Let s(g) = g + 1. Determine s(d).
-5
Let h(x) = 5*x**3 + x**2 + 3*x + 2. Let k be h(-1). Let z(g) = g**2 + 4*g - 4. Give z(k).
1
Let q(v) be the first derivative of 4*v**3/3 + 3*v**2/2 + v - 5. Let l(z) = 7*z**2 + 7*z + 2. Let m(h) = 2*l(h) - 5*q(h). Give m(-1).
-6
Let k(c) = -4*c + 2. Suppose 0 = -s + 2 + 1. Suppose 0*r - 9 = -s*r. Determine k(r).
-10
Suppose -24 = -4*d - 0*d. Let t be 8/d*(-2 - 1). Let o(f) = 0*f**2 - 7 - 3*f - f**2 + 3 + 7. Determine o(t).
-1
Let c(x) = 6*x - 7. Suppose d - n - 2*n = -1, 0 = d + 2*n - 9. What is c(d)?
23
Let v(o) = 5*o + 2. Let p be -2 - (-9)/(45/(-10)). Calculate v(p).
-18
Let i(j) be the second derivative of -1/3*j**3 + 0 - 1/60*j**5 - 1/2*j**2 - 1/12*j**4 - 3*j. Let n(s) be the first derivative of i(s). What is n(-3)?
-5
Suppose 4*d + 6 + 10 = 0. Let x(z) = z**2 + 2*z - 5. Give x(d).
3
Let l(q) = -5*q - 7*q + 9*q + 2 + 2*q**2. Let v = 4 + -2. Calculate l(v).
4
Let h(q) = -q**3 - 10*q**2 + 10*q - 11. Let p be h(-11). Let y(o) = -o**2 - o - 5. Give y(p).
-5
Let i(z) be the third derivative of z**6/120 + z**5/15 - z**4/24 + 2*z**2. Let g = 7 + -2. Suppose 14 = -g*c - 6. What is i(c)?
4
Let x(i) = -1 - 2*i + 11*i**2 + 4*i**2 - 18*i**2. Calculate x(-1).
-2
Let t(y) = -11*y - 7*y - y**2 + 13*y - 4. Suppose 0 = -4*a + 1 - 13. Calculate t(a).
2
Let g(j) = -j**3 + 13*j**2 - 13*j + 16. Let i be g(12). Suppose i*s - s = 27. Suppose s = 5*x - 2*x. Let d(m) = m. Determine d(x).
3
Let r(x) = -x**2 + x - 7. Let v(h) = -h**2 + h - 7. Let q(w) = w**3 + 4*w**2 - 5*w + 2. Let u be q(-5). Let p(a) = u*v(a) - 3*r(a). What is p(0